5*z. Let w be n(z). What is the greatest common factor of 21 and w?
21
Suppose -t = -4*t + 270. Suppose -x + 4*p + 10 = 0, 5*p - 6*p - 50 = -5*x. Calculate the greatest common factor of x and t.
10
Suppose -10*f = -16*f + 2178. What is the greatest common divisor of f and 33?
33
Let y(j) = j**3 + 12*j**2 - 2*j - 57. Let t be y(-9). Calculate the greatest common factor of t and 17.
17
Suppose 0 = 4*t + 7*t - 77. What is the greatest common factor of 49 and t?
7
Let u = 310 + -262. Let l be 50/8 + 2/(-8). What is the highest common divisor of l and u?
6
Suppose 13 + 11 = -m. Let z = 22 + m. Let q be 142/14 - z/(-14). What is the greatest common factor of q and 1?
1
Suppose -b - b = -14. Suppose -b*z = -10*z. Suppose 0 = 3*m + 5*l - 10, z = -m - m + l + 24. Calculate the highest common factor of 15 and m.
5
Let p(t) = -3*t**3 - t**2 + t + 2. Let h be p(-2). Suppose -f = b - 219, -f = 4*b - 7*b + 661. What is the highest common divisor of h and b?
20
Let o(h) = h**2 - 24*h - 5. Let c be o(25). What is the greatest common divisor of c and 60?
20
Let u(y) = y**2 - 97*y + 2570. Let o be u(51). Suppose 3*l = -5*m - l + 74, 2*m - 32 = -4*l. Calculate the highest common divisor of m and o.
14
Suppose -2*m + 365 - 101 = 0. Calculate the highest common factor of m and 48.
12
Suppose 3*l + 34 = 97. Let d be (2 - 2)/(-2 + 3). Suppose -3*n + 5*w + 26 = d, 0*w + 4 = -4*w. Calculate the greatest common factor of n and l.
7
Suppose 10*f - 13*f - u = -515, 8 = 4*u. What is the greatest common factor of f and 76?
19
Let g(q) = -q**2 - 8*q + 8. Let k be g(-8). Suppose 0*u - 440 = -5*u. What is the greatest common divisor of k and u?
8
Let g(y) = -8 + 4 - y - 9. Let o be g(-11). Let i be -2 + (o - 2)*-2. Calculate the greatest common factor of 36 and i.
6
Let d(m) = -8*m + 2. Let b be d(-5). Let o = 67 + -62. Suppose -279 + 79 = -2*q + 5*i, 0 = o*q + 3*i - 531. Calculate the highest common factor of q and b.
21
Suppose -140*g = 4*j - 136*g - 336, 420 = 5*j + 3*g. Calculate the highest common factor of 3948 and j.
84
Let m(g) = -g**2 - 25*g + 40. Let w be m(-24). Calculate the greatest common factor of 80 and w.
16
Suppose 4*t + 20 = 5*t + 3*k, 2*t - 5*k - 62 = 0. Let a = t + -18. What is the highest common divisor of 24 and a?
8
Let t(f) = -2*f**2 - 40*f + 18. Let a be t(-15). Calculate the greatest common divisor of a and 231.
21
Let r = 29 - 31. Let k be (r/(-6))/(3/234). Calculate the highest common factor of 52 and k.
26
Let a be 2 + 0 + (4 - 2). Suppose -a*r + 184 = -264. Suppose 4*o + c + c = 236, -4*c = 2*o - r. What is the greatest common factor of 15 and o?
15
Let w(f) = -f**3 - 17*f**2 + 16*f + 21. Let m be w(-18). Suppose -3*g - m + 72 = 0. Calculate the highest common divisor of g and 45.
5
Let w(k) = 3*k**3 - 3*k**2 + k - 2. Let b be w(2). Let y be 30/9 + 4/6. Calculate the greatest common divisor of b and y.
4
Suppose -p = 4*z + 12, 0*p - 14 = 3*p + z. Let k = p + 6. Suppose 2*n + 316 = -0*q + k*q, 0 = -3*q - 4*n + 439. What is the greatest common factor of q and 17?
17
Let i be (-4490)/(-70) + 2*2/(-28). What is the greatest common factor of 656 and i?
16
Let d(t) be the second derivative of 1/12*t**4 - 5*t - t**3 + 2*t**2 + 0. Let n be d(6). Calculate the highest common factor of n and 6.
2
Let f = -217 - -253. Calculate the highest common factor of 276 and f.
12
Let d be (-7)/(56/(-6)) - (-2580)/80. What is the greatest common factor of d and 3432?
33
Let d = -29 + 33. Suppose -d*g - 3 = 5, 4*a = 5*g + 82. What is the greatest common divisor of 54 and a?
18
Let a(i) = -8*i - 10. Let r be a(-6). Let c = r - 18. What is the highest common divisor of 200 and c?
20
Let f be (2234 - -17) + (2 - (0 + -1)). What is the greatest common factor of 92 and f?
46
Suppose 0 = -7*h - 66 - 60. Let o be (-49)/(-2) - 9/h. Calculate the greatest common factor of o and 25.
25
Let f be (6/(-4))/((-21)/658). Let d be f/5 + ((-144)/(-40) - 4). What is the highest common divisor of 18 and d?
9
Suppose 0 = -5*p - 8 - 12. Let q be (5/p)/((-2)/40). Suppose -2*m = -0*g - 4*g - 554, 0 = -4*m - 5*g + 1095. What is the highest common divisor of m and q?
25
Let c = -850 - -866. What is the highest common factor of 44 and c?
4
Suppose 8*m - 1271 = 4*m + x, -3*x + 3 = 0. Calculate the highest common divisor of 6 and m.
6
Let z = 21 - 8. Let m = 432 + -224. Suppose 5*i - i = m. What is the highest common factor of z and i?
13
Suppose -5*w + w + 900 = 0. Suppose -2*k + 720 = 14*k. What is the greatest common divisor of w and k?
45
Let g = 295 + -259. Let c = -3 + 7. What is the highest common factor of g and c?
4
Suppose 8*f + 252 = 4*f. Let m = f + 34. Let n be m/(-2) - 2/4. What is the greatest common divisor of 98 and n?
14
Suppose -2*i - 2 + 10 = 0, 5*t - 5*i - 105 = 0. What is the greatest common divisor of 1 and t?
1
Suppose 99 + 61 = 5*z. Calculate the highest common divisor of 160 and z.
32
Let u = -1044 + 1096. What is the highest common divisor of u and 858?
26
Suppose -26*y - 3*y + 8091 = 0. Calculate the highest common factor of 9 and y.
9
Let k = -9 + 7. Let n = k - -6. Suppose -n*u + 148 = 40. Calculate the greatest common factor of u and 18.
9
Suppose -3*b = 4*m - 38, -5*b = 3*m + m - 42. Suppose 0 = 2*r + 4 - m. What is the highest common factor of r and 16?
2
Let u = -212 + 214. What is the greatest common factor of u and 2?
2
Let g(q) = -q**3 + 8*q**2 + 8*q. Let u be 58/(-7) - (-2)/7. Let d = u + 15. Let c be g(d). Calculate the highest common factor of c and 42.
21
Suppose -45 = -2*g + 11. Calculate the highest common divisor of g and 8.
4
Let x(p) = p**2 - 7*p - 2. Let z be x(6). Let f(b) = b**2 + 10*b + 34. Let g be f(z). Calculate the greatest common factor of g and 72.
18
Let w(s) = 32*s**3 - 5*s**2 + s + 3. Let k be w(1). What is the highest common divisor of 1178 and k?
31
Suppose 3*y = 283 + 209. Calculate the highest common factor of y and 4.
4
Suppose 0 = 4*q - 2*a - 38, 4*q + 0*a + 5*a = 31. Suppose -q*l + 85 = 13. Calculate the highest common divisor of 24 and l.
8
Suppose 14*q - 24*q + 530 = 0. What is the highest common divisor of 2 and q?
1
Suppose -455 = -9*c - 4*c. Let q(n) = -n**2 + 5*n + 5. Let h be ((-20)/2)/(-1 - 1). Let l be q(h). What is the highest common divisor of l and c?
5
Let x = -61 + 67. Suppose -31 = x*h - 85. Calculate the greatest common factor of 81 and h.
9
Let t be 12/(44/(-16) - -3). Let l = -32 + t. What is the highest common divisor of 48 and l?
16
Let a(i) = -42*i**3 - 4*i + 0 + 0 + i**2 + 41*i**3 + 4. Let f be a(-3). Calculate the greatest common divisor of f and 26.
26
Let i be -1 - (-2 + (-1 - 2)). Suppose 0 = i*h + 24. Let x be (-214)/(-6) + (-2)/h. What is the highest common divisor of x and 24?
12
Suppose 21*n - 5478 = -62*n. Calculate the greatest common divisor of 4 and n.
2
Let m = -671 + 747. Let h(k) = 190*k**3 + k**2 - 1. Let p be h(1). What is the highest common factor of p and m?
38
Let v(w) = w - 2. Let n be v(9). Suppose -4*t + 23 = n. Suppose t*o = -3*c + 7*c - 16, 0 = 2*o - c + 3. What is the greatest common divisor of o and 4?
1
Suppose 0*o = o - 5. Let z = 9 - 5. Suppose 4*x = z, -3*x + 37 = o*n + 4. What is the greatest common factor of n and 54?
6
Suppose 46*o - 34*o = 2220. What is the highest common factor of o and 333?
37
Let v = -14 - -66. Suppose 25*i + 188 = 513. What is the highest common divisor of v and i?
13
Let c = 1078 + -986. Calculate the highest common divisor of 322 and c.
46
Suppose -k - 2 = 0, 2*y + k - 8 = -3*y. Suppose 0 = -h + 4*b + 5, -12 = -6*b + y*b. Let c be 1*238/(-21)*12/(-8). What is the greatest common factor of h and c?
17
Let a(r) = r**2 + 17*r + 132. Let o be a(-15). What is the greatest common factor of o and 340?
34
Let b be 76/18 + 4/(-18). Suppose 4*j = -10 + 2, b*j = -5*x + 442. Let g be 17 - (-4)/(-1) - -2. Calculate the highest common divisor of g and x.
15
Let n(y) = -4*y + 176. Let x be n(0). Suppose 263 = 4*t + u, 0 = -4*t + 4*u + 92 + x. What is the highest common divisor of 99 and t?
33
Suppose -4*f + 297 = 5*a, 282 = 4*f - 0*f + 2*a. Let j = -26 - -15. Let x = 28 + j. What is the greatest common divisor of x and f?
17
Suppose -3*a - 4*x + 630 = 0, 0 = a - 5*x - 317 + 107. What is the highest common factor of a and 126?
42
Suppose 2*y + 3*o - 275 = -2*o, -